 1)*185/74. What is the greatest common divisor of 9 and v?
9
Suppose 410 = 26*n - 5778. What is the greatest common factor of 34 and n?
34
Suppose -d - 2*d - 3*y + 72 = 0, 0 = 3*d - y - 76. Calculate the greatest common divisor of 2 and d.
1
Let h = 10 - -2. Let x be 1625/13*(-6)/(-10). Suppose x - 315 = -4*d. Calculate the highest common factor of h and d.
12
Let a(s) = -3*s**3 + 10*s**2 - 7*s - 9. Let d be a(8). Let c = d - -1353. Let f be (-2)/(-5) + c/20. Calculate the greatest common divisor of 60 and f.
20
Suppose 3 = -2*f - 4*c + 19, 2*c - 8 = -3*f. Suppose l + f - 1 = 0. Suppose -58*x + 56*x + 16 = 0. Calculate the highest common divisor of l and x.
1
Suppose 2*u = 4*u - 112. Suppose -3*d - 140 = -8*d. What is the highest common divisor of d and u?
28
Let i = 109 - -31. Calculate the highest common factor of 56 and i.
28
Let x = -1387 + 2128. Calculate the highest common divisor of x and 26.
13
Let f be 11/(22/280) - 2. Let x be 32/(-12)*f/(-4). What is the greatest common factor of x and 23?
23
Let b = -23 + 71. Suppose 2*r - 103 = t + 133, 368 = 3*r + 2*t. What is the greatest common factor of b and r?
24
Let s(a) = -104*a - 69. Let n be s(-5). Calculate the greatest common factor of 11 and n.
11
Let b = 14 - -14. Suppose r - b = -4. What is the highest common divisor of r and 36?
12
Let v be (-2*(-123 - -4))/2. Let u = v - 59. What is the highest common factor of 36 and u?
12
Suppose -3 = -2*w + 1. Let d(u) = 4 + w + 2*u - 3 - u. Let z be d(8). Calculate the greatest common divisor of 11 and z.
11
Suppose 95*r + 1425 = 100*r. Calculate the highest common factor of r and 75.
15
Let a(s) = s - 2. Let n be a(7). Suppose n*d - 2*g - 124 = 92, 2*d = -g + 81. What is the highest common divisor of 28 and d?
14
Let o be (0 + -12)/2*-2. Suppose 15*p - 285 = o*p. What is the highest common factor of 38 and p?
19
Let g(q) = 9*q**2 + 4*q + 25. Let r be g(-6). What is the highest common factor of r and 13?
13
Let r = 123 - -183. What is the greatest common factor of 68 and r?
34
Suppose 0 = -4*n + 5*u + 907, 3*n + 0*n = 3*u + 681. Calculate the greatest common factor of n and 570.
114
Suppose -320 = -30*m + 10*m. What is the highest common divisor of m and 44?
4
Let y = 12 - 10. Suppose 8*v + 15 = 3*v, -15 = -y*f + 3*v. Suppose -2*j = -3*x + 184 + 189, 257 = 2*x - f*j. What is the greatest common factor of x and 11?
11
Let a be 436/22 - 2 - 4/(-22). Calculate the highest common divisor of a and 2.
2
Suppose v - 70 = -v - 5*j, 3*j - 6 = 0. Suppose 5*c - 80 = -7*y + 2*y, -5*c = -5*y - v. Calculate the greatest common factor of 99 and c.
11
Suppose -b = 4, -410*b = 4*h - 411*b - 13628. What is the highest common factor of 13 and h?
13
Let o(l) = l + 10. Let t be o(-7). Let n be (0 + 2 + -1 + t)/1. Calculate the highest common divisor of 12 and n.
4
Let g = -90 - -126. Suppose -c + 2*r + 3*r + 77 = 0, 4*c - 308 = 3*r. Let k = c - 53. Calculate the highest common factor of k and g.
12
Suppose 792 = -36*n + 44*n. What is the highest common factor of 9 and n?
9
Let h(s) = -31*s - 396. Let y be h(-14). Let b be ((-342)/(-30))/(1/5). What is the greatest common divisor of b and y?
19
Let q = 17 + -11. Suppose 3*o + 97 = 3*a - 176, -q = -3*o. Calculate the highest common divisor of 62 and a.
31
Suppose 8091 = 80*z - 71*z. Calculate the greatest common divisor of 31 and z.
31
Let h be (6/4)/((-18)/(-480)). Suppose 4*x + x = 425. Suppose -x = -5*i + 5*o, -3*i - 50 = -6*i + 2*o. What is the greatest common divisor of h and i?
8
Suppose 2*r = 5*o + 109, -o + 4*o = -2*r + 101. Let t be 1*135 - (3 - (-11 - -9)). Calculate the greatest common factor of t and r.
26
Suppose 285*w = 292*w - 805. Calculate the highest common factor of 46 and w.
23
Suppose 75 = 16*p - 13*p - o, -69 = -3*p - o. What is the greatest common divisor of 112 and p?
8
Let s be 8*(7/2 + -2). Let n(a) = 7*a**2 + 23*a + 18. Let v be n(-6). What is the highest common factor of v and s?
12
Let q(w) = 5*w + 6*w + 13 - w**3 + 4*w**2 - 15*w**2. Let c be q(-12). What is the greatest common factor of c and 5?
5
Let u(r) = r**2 - 7*r + 8. Let w be u(6). Let b be (w/(-6))/(18/(-162)). Suppose -b = -2*j + 37. Calculate the greatest common divisor of 4 and j.
4
Suppose -3*o = -o + l + 1, -3*o - 3*l - 6 = 0. Suppose n - o + 0 = 0. Let d be 276/48 - n/(-4). Calculate the highest common divisor of d and 54.
6
Let f be (-38 - -23)*((-7)/3 - -1). Calculate the highest common divisor of f and 60.
20
Suppose -5*c + 3*l = -203, 4*c + 2*l - 196 = -38. What is the greatest common divisor of c and 280?
40
Let l = -384 + 388. What is the highest common factor of l and 20?
4
Let z(t) = -t**2 + 30. Let f be z(0). Let p = 25 + f. Calculate the highest common divisor of 22 and p.
11
Let p(o) be the second derivative of o**5/20 + o**4/3 - o**3/3 + o**2 + 6*o. Let k be p(-4). What is the highest common factor of k and 20?
10
Suppose -s + 4*f + 27 = f, 0 = -3*s - 3*f + 117. What is the greatest common divisor of s and 192?
12
Suppose 27 = 5*f + 2. Let j be (-42)/(-9)*12 - f. What is the highest common divisor of j and 51?
51
Let s = 236 - -169. Calculate the greatest common divisor of s and 15.
15
Suppose 144 - 14 = 5*i. What is the highest common factor of i and 234?
26
Let u = 252 + -249. What is the greatest common divisor of 36 and u?
3
Let a = -27 - -38. Let f be 2/a - (-18)/22. What is the greatest common factor of 16 and f?
1
Suppose -38*x + 40254 = -18266. What is the highest common divisor of x and 20?
20
Suppose -5*o - 2*t = -0*o - 488, -5*o + t + 476 = 0. Calculate the highest common factor of o and 48.
48
Suppose 4*u = 5*u + 78. Let s be u/9*(-3)/(-2). Let o = s - -32. What is the highest common divisor of 19 and o?
19
Let f be (-8)/(-6)*9/4. Suppose -3*t - 2*k = f - 15, -4*t - 3*k = -16. Suppose t*l - 15 = -l. Calculate the highest common divisor of 12 and l.
3
Suppose -4*j - 410 = -h, 3*h + 4*j - 1220 = 6*j. What is the greatest common factor of 42 and h?
14
Suppose -18*o - 14 = -20*o. Suppose -2*n + 35 = 3*t, n - 25 = -o*t + 3*t. Calculate the greatest common divisor of n and 13.
13
Suppose -21*g + x = -18*g - 59, -x = 3*g - 55. Calculate the highest common factor of g and 760.
19
Suppose 6*i - 800 = -10*i. What is the highest common divisor of 850 and i?
50
Let m be 6/(-4)*(-4 + 0). Suppose 4*t - 2*t = m. Let w be 0 - -1 - (-5 + -29 - -2). Calculate the greatest common factor of w and t.
3
Let w(i) = -i**3 - 8*i**2 + 2*i + 3. Suppose 5*r = -4*k - 61, 3*r = -2*k - 17 - 16. Let q be w(k). What is the highest common divisor of q and 6?
6
Let i(y) = 11*y + 2. Let w be i(-1). Let v = 33 - w. What is the greatest common factor of 336 and v?
42
Let x = 15 + -10. Suppose -x*h = 4*n - 56, 5*h - n + 14 = 50. Calculate the greatest common divisor of 72 and h.
8
Let k(f) = f**3 + 21*f**2 + 11*f - 28. Let r be k(-20). Let t = r + 73. What is the greatest common factor of t and 25?
25
Let d be 4*(80/3 + (-38)/57). Calculate the highest common divisor of d and 8.
8
Let f = -95 + 97. What is the greatest common factor of f and 8?
2
Let q(w) = w**3 - 6*w**2 + 9*w - 14. Let p be q(4). Let y(g) = -g**3 - 11*g**2 - 16*g - 22. Let s be y(p). What is the highest common divisor of s and 133?
19
Let q be (4 - 6)*34/(-4). Let r be q - (15/(-3) - -2). Suppose -23*y + r*y = -27. What is the greatest common divisor of 81 and y?
9
Let r(b) = b**3 + 33*b**2 - 3*b + 6. Let n be r(-33). What is the highest common divisor of n and 385?
35
Let j(n) = -n**3 - 17*n**2 + 3*n - 49. Let b be j(-18). Calculate the greatest common divisor of b and 26.
13
Let b be 1 + 9/1 - 0. Suppose 0 = -2*u - 2*c + 36, 4*u = 3*c - 6*c + 75. Let f be u*(-1)/(-3) - -3. What is the greatest common factor of f and b?
10
Let h be (4/(-10))/((-20111)/(-4025) + -5). Suppose -3*l = 4*x + 2*l - 164, 4*x = -3*l + 172. What is the greatest common divisor of h and x?
23
Let k(a) = 48*a**2 - 431*a + 5. Let j be k(9). What is the highest common factor of 7 and j?
7
Suppose 4*w + 4*u - 8 = 0, 4*w + u = 18 + 2. What is the greatest common divisor of 294 and w?
6
Let r(s) = s**3 - 2*s**2 - 3*s. Let y be r(4). What is the highest common divisor of y and 80?
20
Suppose 3*x - 138 = 3*c, -5*x = -4*c + 3*c - 230. Let k = x + -14. What is the highest common factor of k and 8?
8
